
In base 4, what is -3 - -120020?
120011
In base 7, what is -51605 + 12?
-51563
In base 4, what is 1030023 - 0?
1030023
In base 9, what is 325802 + 4?
325806
In base 5, what is -1113 - 11202?
-12320
In base 7, what is -5 + 3163525?
3163520
In base 2, what is 100001 + -10000001110?
-1111101101
In base 9, what is -264882 - -7?
-264874
In base 4, what is -10 - 231303321?
-231303331
In base 15, what is -50e + 1c?
-4e2
In base 11, what is -4 - -5a1186?
5a1182
In base 12, what is -1b87 + 19?
-1b6a
In base 7, what is 250361 - -12?
250403
In base 15, what is -3b36bb + 5?
-3b36b6
In base 13, what is -223 - 4?
-227
In base 2, what is -1101 + 100001011000?
100001001011
In base 8, what is 544363 - 12?
544351
In base 12, what is 13a119 + -2?
13a117
In base 16, what is 48c + -48?
444
In base 5, what is 22021 - 40?
21431
In base 12, what is -6325 + 1?
-6324
In base 16, what is 95f0e - -3?
95f11
In base 6, what is -42503 - 333?
-43240
In base 2, what is -10 + 110110001111111?
110110001111101
In base 8, what is -564 - 220?
-1004
In base 6, what is 214 + -3?
211
In base 16, what is -5e + -9c?
-fa
In base 11, what is -1 - 5a04?
-5a05
In base 11, what is 62 - -170?
222
In base 9, what is -36658 + -6?
-36665
In base 15, what is 4 + -833d?
-8339
In base 4, what is -111 - -113302011?
113301300
In base 10, what is 3 + -77489?
-77486
In base 7, what is -10053 - -1364?
-5356
In base 5, what is 10 - 311432?
-311422
In base 15, what is -1449 + -12?
-145b
In base 8, what is 23101 + -12?
23067
In base 16, what is 125 + -84?
a1
In base 4, what is -13 + 101013?
101000
In base 10, what is 64949 - -5?
64954
In base 13, what is 8 - -2366b?
23676
In base 15, what is -4a5 - b?
-4b1
In base 16, what is 3 + 217?
21a
In base 3, what is 110120 + 101?
110221
In base 12, what is -8793 - -21?
-8772
In base 15, what is 0 - 43d7?
-43d7
In base 2, what is 11001011001 - 10110?
11001000011
In base 16, what is 4 - 8c91?
-8c8d
In base 9, what is 6070 + -85?
5874
In base 8, what is -306412 - 4?
-306416
In base 15, what is -29 - -32e6?
32bc
In base 5, what is 220221 - 10?
220211
In base 13, what is -625 + -101?
-726
In base 2, what is 10100010101110111 + 1?
10100010101111000
In base 16, what is 5 + -3925?
-3920
In base 14, what is 39 + 669?
6a4
In base 16, what is 4 - 64e50?
-64e4c
In base 14, what is -1 - 14b87?
-14b88
In base 15, what is 5 + 3c054?
3c059
In base 14, what is 34c + -b?
341
In base 3, what is 122120220021 - 11?
122120220010
In base 12, what is -240b55 + 3?
-240b52
In base 13, what is 3 - -5115?
5118
In base 15, what is 2 + 54c7?
54c9
In base 8, what is -2612 + -5141?
-7753
In base 15, what is -1 + 7d7?
7d6
In base 15, what is 8a4ee - 5?
8a4e9
In base 3, what is -11110 - -1102121?
1021011
In base 12, what is 18b + -61b8?
-6029
In base 5, what is 412 - -1112023?
1112440
In base 2, what is 0 - 100001001101000?
-100001001101000
In base 9, what is 47461 - 1?
47460
In base 12, what is b - -249b3?
24a02
In base 7, what is -41 - -265061?
265020
In base 3, what is 12 - -1020202?
1020221
In base 12, what is a - ba4b?
-ba41
In base 12, what is -1191 - -547?
-846
In base 11, what is -2 + 60395?
60393
In base 5, what is -1 + 2320043?
2320042
In base 15, what is 6991 - -1?
6992
In base 7, what is 2126 + 302?
2431
In base 2, what is 10111001100111010 + -10?
10111001100111000
In base 4, what is 2233123 + -13?
2233110
In base 6, what is 40 + 2145?
2225
In base 6, what is -34 + 133505?
133431
In base 13, what is -3c950 - -5?
-3c948
In base 12, what is -4024 + 9?
-4017
In base 14, what is b + 80c0?
80cb
In base 11, what is 34 + -3312?
-3289
In base 13, what is -1 - 31941?
-31942
In base 8, what is 3325 - -21?
3346
In base 3, what is -2202210 + -222202?
-10202112
In base 15, what is -12881 - 1?
-12882
In base 16, what is 40a63 + -1a?
40a49
In base 16, what is 5ee72 + 3?
5ee75
In base 13, what is -1526c1 + -3?
-1526c4
In base 8, what is 12 + 1153?
1165
In base 2, what is 101010101010 - -1111100101?
111010001111
In base 14, what is -480 - -4?
-47a
In base 15, what is 5 - -1a78d?
1a793
In base 5, what is 11 + 141110?
141121
In base 9, what is -3821 + 2?
-3818
In base 16, what is 1 + 14fc?
14fd
In base 2, what is -1010011010100110 + 101?
-1010011010100001
In base 2, what is 100011100010 - -1100000111?
101111101001
In base 5, what is -1 + 23241334?
23241333
In base 12, what is -140a + 14?
-13b6
In base 15, what is 40de + -7?
40d7
In base 4, what is -1 + 13022131?
13022130
In base 4, what is -222111 + 120?
-221331
In base 12, what is -4 + 25b7?
25b3
In base 9, what is 36 - 55187?
-55151
In base 13, what is 5 + -465b?
-4656
In base 6, what is 102 - -1045?
1151
In base 13, what is a678 - -6?
a681
In base 10, what is 135600 + -3?
135597
In base 12, what is -7a8643 + 0?
-7a8643
In base 10, what is -2 - -69990?
69988
In base 8, what is 22702 + -101?
22601
In base 9, what is -302184 + 1?
-302183
In base 7, what is 3 - 31155?
-31152
In base 10, what is -739 + -3936?
-4675
In base 11, what is -29966 + -5?
-29970
In base 16, what is 3e + 8a3?
8e1
In base 7, what is 2 + 301634?
301636
In base 8, what is 2655761 - 5?
2655754
In base 11, what is -240 + -432?
-672
In base 2, what is 111100 + -11000000101?
-10111001001
In base 7, what is 22623 - 5?
22615
In base 16, what is -12 + 90?
7e
In base 15, what is -8a + -55b?
-5e6
In base 11, what is 450486 + -4?
450482
In base 10, what is 18153 + -1?
18152
In base 2, what is -11 + 10011000111100100101?
10011000111100100010
In base 7, what is -262 - -562?
300
In base 9, what is 211480 - -14?
211504
In base 10, what is -1056 - -204?
-852
In base 8, what is -3 + 1024623?
1024620
In base 9, what is 16 - -26370?
26386
In base 4, what is -1 - 1020231?
-1020232
In base 16, what is -2b + 525?
4fa
In base 13, what is -2b98 - 1?
-2b99
In base 7, what is -4 + -2114?
-2121
In base 9, what is -5 + -3321?
-3326
In base 14, what is 1a848 + -1?
1a847
In base 9, what is 120 - -16722?
16842
In base 16, what is -a20d - -5?
-a208
In base 10, what is -1 + -30886?
-30887
In base 10, what is -69 - 3529?
-3598
In base 12, what is 5ab4 - -4?
5ab8
In base 13, what is -5 + -634a3?
-634a8
In base 7, what is -10 + -16325?
-16335
In base 11, what is 1339 + 519?
1857
In base 16, what is -5e6 + 10?
-5d6
In base 12, what is 3 - -1a04?
1a07
In base 7, what is 12 - -423653?
423665
In base 13, what is -1049 - -27a?
-a9c
In base 10, what is -4 + -44152?
-44156
In base 6, what is -155 - -234?
35
In base 10, what is 16354 - 0?
16354
In base 15, what is a6 + -717?
-661
In base 5, what is -111 + 214412?
214301
In base 10, what is -259 - -103?
-156
In base 9, what is -818257 - -3?
-818254
In base 3, what is -2021122 + 201202?
-1112220
In base 16, what is -10193 - -5?
-1018e
In base 12, what is -187b3 - 4?
-187b7
In base 2, what is 1101000101 - -10110100101?
100011101010
In base 10, what is -31252 - 5?
-31257
In base 11, what is 62285 + -5?
62280
In base 8, what is 30 - -67153?
67203
In base 2, what is 1 + -10011101101011110?
-10011101101011101
In base 15, what is -3 + -37ea?
-37ed
In base 7, what is 33055 + 1?
33056
In base 14, what is 22 + 3d0b?
3d2d
In base 12, what is -20 + -15316?
-15336
In base 10, what is -4 + -21048?
-21052
In base 16, what is -10 - 18bf?
-18cf
In base 5, what is 1223 + -11420?
-10142
In base 4, what is 0 - -1103212?
1103212
In base 4, what is 102213 + 111200?
220013
In base 8, what is -145 - -3154?
3007
In base 14, what is 31 + 11bb?
120c
In base 5, what is -203114122 - 1?
-203114123
In base 2, what is -10010110100000101 - -10100?
-10010110011110001
In base 5, what is 434 + 13?
1002
In base 13, what is -1 - -73397?
73396
In base 5, what is -4 - 412110?
-412114
In base 7, what is 2 + -10434?
-10432
In base 12, what is -136 + -849?
-983
In base 7, what is 1 + 120520?
120521
In base 12, what is -2 + -86800?
-86802
In base 6, what is -3 + 530?
523
In base 7, what is 356435 - -6?
356444
In base 6, what is 1511503 - -3?
1511510
In base 14, what is -19 + 292a5?
2928a
In base 2, what is -11010000010001011 - 0?
-11010000010001011
In base 7, what is 1052426 + -2?
1052424
In base 16, what is 2457 - 0?
2457
In base 8, what is -26415 + 0?
-26415
In base 2, what is 101 - -101000000001000010100?
101000000001000011001
In base 4, what is -332110 + 2111?
-323333
In base 11, what is -5 - -60261?
60257
In b